
Is 119267 a prime number?
True
Is 230189 a composite number?
False
Is 294613 prime?
False
Is 11995 composite?
True
Is 21863 a composite number?
False
Is 64777 a prime number?
False
Is 6989 prime?
False
Is 15079 a prime number?
False
Is 8301 a composite number?
True
Is 20861 prime?
False
Is 290267 a composite number?
True
Is 261167 prime?
True
Is 604997 a composite number?
False
Is 1543519 a prime number?
False
Is 10561 a prime number?
False
Is 1350361 prime?
False
Is 1037147 a prime number?
False
Is 19547 composite?
True
Is 345241 composite?
True
Is 39499 a composite number?
False
Is 29707 composite?
True
Is 1707 a prime number?
False
Is 817069 prime?
False
Is 18041 composite?
False
Is 107641 prime?
True
Is 136111 composite?
False
Is 19771 a composite number?
True
Is 543253 prime?
True
Is 373 composite?
False
Is 25523 prime?
True
Is 151579 prime?
True
Is 22241 a prime number?
False
Is 103 a composite number?
False
Is 233589 composite?
True
Is 45221 a composite number?
True
Is 97694 composite?
True
Is 351457 a prime number?
True
Is 3785 a prime number?
False
Is 688861 prime?
True
Is 22121 composite?
True
Is 43107 a prime number?
False
Is 4705 composite?
True
Is 167507 a prime number?
False
Is 2693033 a prime number?
False
Is 16537 composite?
True
Is 2169359 a composite number?
False
Is 412939 a prime number?
True
Is 84659 composite?
False
Is 29261 prime?
False
Is 781043 a composite number?
False
Is 1515557 prime?
False
Is 24169 a composite number?
False
Is 25 a prime number?
False
Is 17569 composite?
False
Is 13303 a prime number?
False
Is 14197 a composite number?
False
Is 544993 a composite number?
True
Is 133007 a prime number?
False
Is 41999 prime?
True
Is 298019 a prime number?
False
Is 9599 a composite number?
True
Is 244141 prime?
True
Is 3269 prime?
False
Is 178726 composite?
True
Is 3203 a composite number?
False
Is 174989 a composite number?
False
Is 641701 a prime number?
True
Is 11541 a prime number?
False
Is 9839 a prime number?
True
Is 16199 composite?
True
Is 758 composite?
True
Is 211465 composite?
True
Is 25213 composite?
True
Is 53121 a prime number?
False
Is 27131 a prime number?
False
Is 208085 composite?
True
Is 120502 composite?
True
Is 14903 composite?
True
Is 12147 a composite number?
True
Is 523759 a prime number?
True
Is 68087 prime?
True
Is 2417 a prime number?
True
Is 15349 a prime number?
True
Is 671147 a prime number?
False
Is 36551 a composite number?
False
Is 7369 composite?
False
Is 662 a prime number?
False
Is 275599 a composite number?
False
Is 5923 a prime number?
True
Is 3761 a prime number?
True
Is 23573 composite?
True
Is 695993 composite?
True
Is 197719 a prime number?
False
Is 40693 a composite number?
False
Is 3967 prime?
True
Is 25409 composite?
False
Is 74821 a composite number?
False
Is 26291 a composite number?
True
Is 724247 a prime number?
False
Is 685 prime?
False
Is 110009 prime?
False
Is 1653227 a composite number?
False
Is 16301 a prime number?
True
Is 14221 a composite number?
False
Is 8923 a prime number?
True
Is 76493 a composite number?
False
Is 49277 a composite number?
False
Is 14431 a prime number?
True
Is 5509 a prime number?
False
Is 10301 composite?
False
Is 24721 composite?
True
Is 30151 prime?
False
Is 325709 a prime number?
True
Is 36947 composite?
False
Is 1418 a prime number?
False
Is 43391 composite?
False
Is 106451 prime?
True
Is 193541 composite?
False
Is 5209 composite?
False
Is 802421 prime?
True
Is 461359 a composite number?
False
Is 523207 prime?
True
Is 75703 composite?
False
Is 29333 prime?
True
Is 2245379 prime?
True
Is 78503 a prime number?
False
Is 2833 prime?
True
Is 3677 composite?
False
Is 702935 prime?
False
Is 5147 composite?
False
Is 41723 a prime number?
False
Is 128657 a prime number?
True
Is 739 prime?
True
Is 43117 a composite number?
False
Is 2734 a composite number?
True
Is 79661 composite?
True
Is 96043 prime?
True
Is 11197 prime?
True
Is 46889 prime?
True
Is 11617 prime?
True
Is 772297 a composite number?
False
Is 310537 prime?
False
Is 11393 composite?
False
Is 7961 composite?
True
Is 38473 composite?
True
Is 15217 prime?
True
Is 13309 a prime number?
True
Is 137809 a prime number?
False
Is 222934 a prime number?
False
Is 48179 composite?
False
Is 17159 a composite number?
False
Is 191 a composite number?
False
Is 36845 a composite number?
True
Is 345307 a prime number?
True
Is 30449 composite?
False
Is 4223477 prime?
False
Is 7613 composite?
True
Is 24331 prime?
False
Is 222929 prime?
False
Is 36151 a composite number?
False
Is 1055 a composite number?
True
Is 7039 composite?
False
Is 118529 composite?
False
Is 38027 a composite number?
True
Is 37043 a composite number?
True
Is 7723 prime?
True
Is 187027 prime?
True
Is 34981 a prime number?
True
Is 28499 prime?
True
Is 29066 prime?
False
Is 2181 a composite number?
True
Is 99329 prime?
False
Is 18453 composite?
True
Is 16841 prime?
False
Is 1074833 a composite number?
False
Is 5297 composite?
False
Is 48751 a prime number?
True
Is 24163 prime?
False
Is 36889 a composite number?
True
Is 295034 a prime number?
False
Is 1716889 composite?
False
Is 51187 prime?
False
Is 31753 a prime number?
False
Is 263843 a composite number?
False
Is 1117 prime?
True
Is 254179 a composite number?
False
Is 74551 composite?
False
Is 3238247 a prime number?
False
Is 69427 a prime number?
True
Is 1257 composite?
True
Is 1198895 prime?
False
Is 42683 composite?
False
Is 5737 prime?
True
Is 66959 a prime number?
True
Is 2521 a composite number?
False
Is 404671 prime?
True
Is 76177 a composite number?
True
Is 450907 composite?
True
Is 111667 a composite number?
False
Is 6502 prime?
False
Is 139787 prime?
True
Is 42899 a prime number?
True
Is 5455 a composite number?
True
Is 1775819 prime?
True
Is 2609 composite?
False
Is 1429933 composite?
True
Is 97863 composite?
True
Is 79523 a composite number?
True
Is 7789 prime?
True
Is 3394 a prime number?
False
Is 118154 composite?
True
Is 9661 a composite number?
False
Is 17239 a composite number?
False
Is 368833 composite?
False
Is 6669683 a composite number?
False
Is 24809 prime?
True
Is 48931 a prime number?
False
Is 34253 composite?
False
Is 557161 a composite number?
True
Is 876965 prime?
False
Is 102497 prime?
True
Is 537458 a composite number?
True
Is 14209 composite?
True
Is 81511 a composite number?
True
Is 12097 composite?
False
Is 11197 prime?
True
Is 181247 prime?
False
Is 5981 a composite number?
False
Is 21047 a prime number?
False
Is 11215 composite?
True
Is 58189 composite?
False
Is 20423 a composite number?
True
Is 74231 composite?
False
Is 24065 a prime number?
False
Is 35729 a composite number?
False
Is 16537 composite?
True
Is 142867 composite?
False
Is 339887 a composite number?
False
Is 61531 composite?
True
Is 35597 a composite number?
False
Is 121403 a composite number?
False
Is 3777 a prime number?
False
Is 21661 prime?
True
Is 79 a prime number?
True
Is 3433 prime?
True
Is 1704893 composite?
False
Is 70367 a composite number?
True
Is 4829 composite?
True
Is 168621 a prime number?
False
Is 4369 a prime number?
False
Is 388283 composite?
True
Is 3036731 composite?
False
Is 126703 a composite number?
False
Is 41101 a prime number?
False
Is 42487 composite?
False
Is 322565 a prime number?
False
Is 22703 a prime number?
False
Is 7817 a prime number?
True
Is 54907 prime?
True
Is 111002 a composite number?
True
Is 385709 a composite number?
False
Is 5525753 a composite number?
False
Is 1943 a composite number?
True
Is 645521 a prime number?
True
Is 633493 a prime number?
False
Is 3559565 a composite number?
True
Is 122 a prime number?
False
Is 217057 prime?
True
Is 193723 composite?
False
Is 1259 composite?
False
Is 41579 prime?
True
Is 2197906 prime?
False
Is 25562 composite?
True
Is 21919 a composite number?
True
Is 485657 a prime number?
True
Is 392599 a composite number?
False
Is 1214 a composite number?
True
Is 102463 composite?
True
Is 325049 prime?
False
Is 9311 a composite number?
False
Is 10357 prime?
True
Is 1361 a prime number?
True
Is 258887 composite?
False
Is 19373 prime?
True
Is 85843 a prime number?
True
Is 3707 a prime number?
False
Is 59333 a prime number?
True
Is 43379 prime?
False
Is 34421 a composite number?
False
Is 1231589 prime?
True
Is 